{"id":346,"date":"2017-03-16T01:27:09","date_gmt":"2017-03-16T00:27:09","guid":{"rendered":"http:\/\/www2.sssv.org\/17\/?page_id=346"},"modified":"2026-04-27T17:54:13","modified_gmt":"2026-04-27T15:54:13","slug":"wettkaempfe","status":"publish","type":"page","link":"https:\/\/www.sssv.org\/17\/wettkaempfe\/","title":{"rendered":"SPORT"},"content":{"rendered":"<p>[vc_row][vc_column width=&#8220;2\/3&#8243;][vc_column_text]<\/p>\n<h2 style=\"text-align: left;\" align=\"center\"><span style=\"color: #000000;\"><strong>Arbeitsgruppe f\u00fcr sportliches Schie\u00dfen:<\/strong><\/span><\/h2>\n<div style=\"text-align: left;\" align=\"center\">\n<table border=\"0\" width=\"91%\" cellspacing=\"1\">\n<tbody>\n<tr>\n<td width=\"100%\"><span style=\"color: #000000;\">Diese Arbeitsgruppe befasst sich mit der Ausarbeitung der Wettkampfregelungen und legt diese der Verbandsleitung zur Genehmigung vor. Au\u00dferdem stellt sie die S\u00fcdtiroler Auswahl f\u00fcr die einzelnen Wettk\u00e4mpfe zusammen und organisiert deren Teilnahme an diversen Wettk\u00e4mpfen national und international. Auch die Landeseinzelmeisterschaft, der Wettkampf\u00a0 Nord &#8211; S\u00fcdtirol und manches mehr wird von dieser Arbeitsgruppe vorbereitet und abgewickelt. Eventuelle Info, Vorschl\u00e4ge, Ideen u.s.w bei Edith Gufler.<\/span><\/td>\n<\/tr>\n<\/tbody>\n<\/table>\n<\/div>\n<h2 style=\"text-align: left;\" align=\"center\"><span style=\"color: #000000;\"><strong>Landesschie\u00dfsportleitung:\u00a0<\/strong><\/span><\/h2>\n<div align=\"center\">\n<table border=\"0\" width=\"80%\" cellspacing=\"1\">\n<tbody>\n<tr>\n<td width=\"49%\" height=\"50\">\n<p style=\"text-align: center;\"><span style=\"color: #000000;\"><strong>Landesschie\u00dfsportleiterin<\/strong><\/span><\/p>\n<p style=\"text-align: center;\"><span style=\"color: #000000; text-align: -webkit-center;\">Edith Gufler<\/span><\/p>\n<\/td>\n<td align=\"center\" width=\"51%\" height=\"50\"><img loading=\"lazy\" class=\"alignnone wp-image-5914\" src=\"https:\/\/www.sssv.org\/17\/wp-content\/uploads\/2026\/04\/Gufler-Edith-2-2026-271x300.jpg\" alt=\"\" width=\"182\" height=\"202\" srcset=\"https:\/\/www.sssv.org\/17\/wp-content\/uploads\/2026\/04\/Gufler-Edith-2-2026-271x300.jpg 271w, https:\/\/www.sssv.org\/17\/wp-content\/uploads\/2026\/04\/Gufler-Edith-2-2026-379x420.jpg 379w, https:\/\/www.sssv.org\/17\/wp-content\/uploads\/2026\/04\/Gufler-Edith-2-2026.jpg 402w\" sizes=\"(max-width: 182px) 100vw, 182px\" \/><\/td>\n<\/tr>\n<tr>\n<td width=\"49%\" height=\"21\"><span style=\"color: #000000;\"><strong>BSSL Vinschgau:<\/strong><\/span><\/td>\n<td align=\"center\" width=\"51%\" height=\"21\"><span style=\"color: #000000;\">zu ernennen<\/span><\/td>\n<\/tr>\n<tr>\n<td width=\"49%\" height=\"21\"><span style=\"color: #000000;\"><strong>BSSL Bozen:<\/strong><\/span><\/td>\n<td align=\"center\" width=\"51%\" height=\"21\"><span style=\"color: #000000;\">Florian Brugger<\/span><\/td>\n<\/tr>\n<tr>\n<td width=\"49%\" height=\"21\"><span style=\"color: #000000;\"><strong>BSSL \u00dcberetsch\/Unterland:<\/strong><\/span><\/td>\n<td align=\"center\" width=\"51%\" height=\"21\"><span style=\"color: #000000;\"><a style=\"color: #000000;\" href=\"mailto:bezirkssl@gmail.com\" target=\"_blank\" rel=\"noopener noreferrer\">Norbert Gschnell<\/a><\/span><\/td>\n<\/tr>\n<tr>\n<td width=\"49%\" height=\"21\"><span style=\"color: #000000;\"><strong>BSSL Eisacktal\/Pustertal:<\/strong><\/span><\/td>\n<td align=\"center\" width=\"51%\" height=\"21\"><span style=\"color: #000000;\">Markus Weber<\/span><\/td>\n<\/tr>\n<tr>\n<td width=\"49%\" height=\"21\"><span style=\"color: #000000;\"><strong>BSSL Burggrafenamt:<\/strong><\/span><\/td>\n<td align=\"center\" width=\"51%\" height=\"21\"><span style=\"color: #000000;\"><a style=\"color: #000000;\" href=\"mailto:alois.zoeggeler@dnet.it\">Eduard von Dellemann<\/a><\/span><\/td>\n<\/tr>\n<\/tbody>\n<\/table>\n<p><span style=\"color: #000000;\">\u00a0<\/span><\/p>\n<\/div>\n<p>[\/vc_column_text][\/vc_column][\/vc_row][vc_row][vc_column][vc_column_text]<\/p>\n<p>[\/vc_column_text][\/vc_column][\/vc_row]<\/p>\n","protected":false},"excerpt":{"rendered":"<p>[vc_row][vc_column width=&#8220;2\/3&#8243;][vc_column_text] Arbeitsgruppe f\u00fcr sportliches Schie\u00dfen: Diese Arbeitsgruppe befasst sich mit der Ausarbeitung der Wettkampfregelungen und legt diese der Verbandsleitung zur Genehmigung vor. Au\u00dferdem stellt sie die S\u00fcdtiroler Auswahl f\u00fcr die einzelnen Wettk\u00e4mpfe zusammen und organisiert deren Teilnahme an diversen Wettk\u00e4mpfen national und international. Auch die Landeseinzelmeisterschaft, der Wettkampf\u00a0 Nord &#8211; S\u00fcdtirol und manches mehr [&hellip;]<\/p>\n","protected":false},"author":1,"featured_media":0,"parent":0,"menu_order":0,"comment_status":"closed","ping_status":"closed","template":"","meta":[],"yoast_head":"<!-- This site is optimized with the Yoast SEO plugin v17.8 - https:\/\/yoast.com\/wordpress\/plugins\/seo\/ -->\n<meta name=\"robots\" content=\"index, follow, max-snippet:-1, max-image-preview:large, max-video-preview:-1\" \/>\n<link rel=\"canonical\" href=\"https:\/\/www.sssv.org\/17\/wettkaempfe\/\" \/>\n<meta property=\"og:locale\" content=\"de_DE\" \/>\n<meta property=\"og:type\" content=\"article\" \/>\n<meta property=\"og:title\" content=\"SPORT - SSSV\" \/>\n<meta property=\"og:description\" content=\"[vc_row][vc_column width=&#8220;2\/3&#8243;][vc_column_text] Arbeitsgruppe f\u00fcr sportliches Schie\u00dfen: Diese Arbeitsgruppe befasst sich mit der Ausarbeitung der Wettkampfregelungen und legt diese der Verbandsleitung zur Genehmigung vor. Au\u00dferdem stellt sie die S\u00fcdtiroler Auswahl f\u00fcr die einzelnen Wettk\u00e4mpfe zusammen und organisiert deren Teilnahme an diversen Wettk\u00e4mpfen national und international. Auch die Landeseinzelmeisterschaft, der Wettkampf\u00a0 Nord &#8211; S\u00fcdtirol und manches mehr [&hellip;]\" \/>\n<meta property=\"og:url\" content=\"https:\/\/www.sssv.org\/17\/wettkaempfe\/\" \/>\n<meta property=\"og:site_name\" content=\"SSSV\" \/>\n<meta property=\"article:modified_time\" content=\"2026-04-27T15:54:13+00:00\" \/>\n<meta property=\"og:image\" content=\"https:\/\/www.sssv.org\/17\/wp-content\/uploads\/2026\/04\/Gufler-Edith-2-2026-271x300.jpg\" \/>\n<meta name=\"twitter:card\" content=\"summary_large_image\" \/>\n<meta name=\"twitter:label1\" content=\"Gesch\u00e4tzte Lesezeit\" \/>\n\t<meta name=\"twitter:data1\" content=\"1\u00a0Minute\" \/>\n<script type=\"application\/ld+json\" class=\"yoast-schema-graph\">{\"@context\":\"https:\/\/schema.org\",\"@graph\":[{\"@type\":\"WebSite\",\"@id\":\"https:\/\/www.sssv.org\/17\/#website\",\"url\":\"https:\/\/www.sssv.org\/17\/\",\"name\":\"SSSV\",\"description\":\"S\\u00fcdtiroler Sportsch\\u00fctzenverband\",\"potentialAction\":[{\"@type\":\"SearchAction\",\"target\":{\"@type\":\"EntryPoint\",\"urlTemplate\":\"https:\/\/www.sssv.org\/17\/?s={search_term_string}\"},\"query-input\":\"required name=search_term_string\"}],\"inLanguage\":\"de\"},{\"@type\":\"ImageObject\",\"@id\":\"https:\/\/www.sssv.org\/17\/wettkaempfe\/#primaryimage\",\"inLanguage\":\"de\",\"url\":\"https:\/\/www.sssv.org\/17\/wp-content\/uploads\/2026\/04\/Gufler-Edith-2-2026.jpg\",\"contentUrl\":\"https:\/\/www.sssv.org\/17\/wp-content\/uploads\/2026\/04\/Gufler-Edith-2-2026.jpg\",\"width\":402,\"height\":445},{\"@type\":\"WebPage\",\"@id\":\"https:\/\/www.sssv.org\/17\/wettkaempfe\/#webpage\",\"url\":\"https:\/\/www.sssv.org\/17\/wettkaempfe\/\",\"name\":\"SPORT - SSSV\",\"isPartOf\":{\"@id\":\"https:\/\/www.sssv.org\/17\/#website\"},\"primaryImageOfPage\":{\"@id\":\"https:\/\/www.sssv.org\/17\/wettkaempfe\/#primaryimage\"},\"datePublished\":\"2017-03-16T00:27:09+00:00\",\"dateModified\":\"2026-04-27T15:54:13+00:00\",\"breadcrumb\":{\"@id\":\"https:\/\/www.sssv.org\/17\/wettkaempfe\/#breadcrumb\"},\"inLanguage\":\"de\",\"potentialAction\":[{\"@type\":\"ReadAction\",\"target\":[\"https:\/\/www.sssv.org\/17\/wettkaempfe\/\"]}]},{\"@type\":\"BreadcrumbList\",\"@id\":\"https:\/\/www.sssv.org\/17\/wettkaempfe\/#breadcrumb\",\"itemListElement\":[{\"@type\":\"ListItem\",\"position\":1,\"name\":\"Startseite\",\"item\":\"https:\/\/www.sssv.org\/17\/\"},{\"@type\":\"ListItem\",\"position\":2,\"name\":\"SPORT\"}]}]}<\/script>\n<!-- \/ Yoast SEO plugin. -->","yoast_head_json":{"robots":{"index":"index","follow":"follow","max-snippet":"max-snippet:-1","max-image-preview":"max-image-preview:large","max-video-preview":"max-video-preview:-1"},"canonical":"https:\/\/www.sssv.org\/17\/wettkaempfe\/","og_locale":"de_DE","og_type":"article","og_title":"SPORT - SSSV","og_description":"[vc_row][vc_column width=&#8220;2\/3&#8243;][vc_column_text] Arbeitsgruppe f\u00fcr sportliches Schie\u00dfen: Diese Arbeitsgruppe befasst sich mit der Ausarbeitung der Wettkampfregelungen und legt diese der Verbandsleitung zur Genehmigung vor. Au\u00dferdem stellt sie die S\u00fcdtiroler Auswahl f\u00fcr die einzelnen Wettk\u00e4mpfe zusammen und organisiert deren Teilnahme an diversen Wettk\u00e4mpfen national und international. Auch die Landeseinzelmeisterschaft, der Wettkampf\u00a0 Nord &#8211; S\u00fcdtirol und manches mehr [&hellip;]","og_url":"https:\/\/www.sssv.org\/17\/wettkaempfe\/","og_site_name":"SSSV","article_modified_time":"2026-04-27T15:54:13+00:00","og_image":[{"url":"https:\/\/www.sssv.org\/17\/wp-content\/uploads\/2026\/04\/Gufler-Edith-2-2026-271x300.jpg"}],"twitter_card":"summary_large_image","twitter_misc":{"Gesch\u00e4tzte Lesezeit":"1\u00a0Minute"},"schema":{"@context":"https:\/\/schema.org","@graph":[{"@type":"WebSite","@id":"https:\/\/www.sssv.org\/17\/#website","url":"https:\/\/www.sssv.org\/17\/","name":"SSSV","description":"S\u00fcdtiroler Sportsch\u00fctzenverband","potentialAction":[{"@type":"SearchAction","target":{"@type":"EntryPoint","urlTemplate":"https:\/\/www.sssv.org\/17\/?s={search_term_string}"},"query-input":"required name=search_term_string"}],"inLanguage":"de"},{"@type":"ImageObject","@id":"https:\/\/www.sssv.org\/17\/wettkaempfe\/#primaryimage","inLanguage":"de","url":"https:\/\/www.sssv.org\/17\/wp-content\/uploads\/2026\/04\/Gufler-Edith-2-2026.jpg","contentUrl":"https:\/\/www.sssv.org\/17\/wp-content\/uploads\/2026\/04\/Gufler-Edith-2-2026.jpg","width":402,"height":445},{"@type":"WebPage","@id":"https:\/\/www.sssv.org\/17\/wettkaempfe\/#webpage","url":"https:\/\/www.sssv.org\/17\/wettkaempfe\/","name":"SPORT - SSSV","isPartOf":{"@id":"https:\/\/www.sssv.org\/17\/#website"},"primaryImageOfPage":{"@id":"https:\/\/www.sssv.org\/17\/wettkaempfe\/#primaryimage"},"datePublished":"2017-03-16T00:27:09+00:00","dateModified":"2026-04-27T15:54:13+00:00","breadcrumb":{"@id":"https:\/\/www.sssv.org\/17\/wettkaempfe\/#breadcrumb"},"inLanguage":"de","potentialAction":[{"@type":"ReadAction","target":["https:\/\/www.sssv.org\/17\/wettkaempfe\/"]}]},{"@type":"BreadcrumbList","@id":"https:\/\/www.sssv.org\/17\/wettkaempfe\/#breadcrumb","itemListElement":[{"@type":"ListItem","position":1,"name":"Startseite","item":"https:\/\/www.sssv.org\/17\/"},{"@type":"ListItem","position":2,"name":"SPORT"}]}]}},"_links":{"self":[{"href":"https:\/\/www.sssv.org\/17\/wp-json\/wp\/v2\/pages\/346"}],"collection":[{"href":"https:\/\/www.sssv.org\/17\/wp-json\/wp\/v2\/pages"}],"about":[{"href":"https:\/\/www.sssv.org\/17\/wp-json\/wp\/v2\/types\/page"}],"author":[{"embeddable":true,"href":"https:\/\/www.sssv.org\/17\/wp-json\/wp\/v2\/users\/1"}],"replies":[{"embeddable":true,"href":"https:\/\/www.sssv.org\/17\/wp-json\/wp\/v2\/comments?post=346"}],"version-history":[{"count":23,"href":"https:\/\/www.sssv.org\/17\/wp-json\/wp\/v2\/pages\/346\/revisions"}],"predecessor-version":[{"id":5916,"href":"https:\/\/www.sssv.org\/17\/wp-json\/wp\/v2\/pages\/346\/revisions\/5916"}],"wp:attachment":[{"href":"https:\/\/www.sssv.org\/17\/wp-json\/wp\/v2\/media?parent=346"}],"curies":[{"name":"wp","href":"https:\/\/api.w.org\/{rel}","templated":true}]}}