{"id":342,"date":"2017-03-16T01:25:54","date_gmt":"2017-03-16T00:25:54","guid":{"rendered":"http:\/\/www2.sssv.org\/17\/?page_id=342"},"modified":"2025-04-05T20:33:21","modified_gmt":"2025-04-05T18:33:21","slug":"bezirke","status":"publish","type":"page","link":"https:\/\/www.sssv.org\/17\/bezirke\/","title":{"rendered":"BOZEN"},"content":{"rendered":"<p>[vc_row][vc_column width=&#8220;2\/3&#8243;][vc_column_text]<\/p>\n<h1>BEZIRK\u00a0BOZEN<\/h1>\n<p>[\/vc_column_text][vc_separator color=&#8220;custom&#8220; border_width=&#8220;5&#8243; accent_color=&#8220;#fb0102&#8243;][vc_column_text]<\/p>\n<h2><span style=\"color: #000000;\"><strong><a style=\"color: #000000;\" href=\"mailto:andreasbar85@gmail.com\" target=\"_blank\" rel=\"noopener\">Andreas Barbieri<\/a><\/strong><\/span><\/h2>\n<p><span style=\"color: #000000;\"><strong>Bezirksobersch\u00fctzenmeister<\/strong><br \/>\nSt. Peterweg 64 \u2013 39018 Terlan<\/span>[\/vc_column_text][vc_single_image image=&#8220;4483&#8243; img_size=&#8220;150x200px&#8220;][vc_separator color=&#8220;custom&#8220; border_width=&#8220;5&#8243; accent_color=&#8220;#fb0102&#8243;][vc_column_text]<\/p>\n<ol>\n<li><span style=\"color: #000000;\"><strong>Bezirkssch\u00fctzenmeister:<\/strong> Norbert Spitaler<\/span><\/li>\n<li><span style=\"color: #000000;\"><strong>Bezirkssch\u00fctzenmeister:<\/strong> David Knollseisen<\/span><\/li>\n<\/ol>\n<p><span style=\"color: #000000;\"><strong>Sch\u00fctzenr\u00e4te:<\/strong> Helga Tschager\/Klaus Rieder\/Karlheinz F\u00e4ckl<\/span><br \/>\n<span style=\"color: #000000;\"><strong>Bezirksschie\u00dfsportleiter Tradition:<\/strong> Hubert Mittermair<\/span><br \/>\n<span style=\"color: #000000;\"><strong>Bezirksschie\u00dfsportleiter Wettkampfschie\u00dfen: <\/strong><\/span><span style=\"color: #000000;\">Florian Brugger<\/span><br \/>\n<span style=\"color: #000000;\"><strong>Bezirksjugendleiter:<\/strong> Karlheinz F\u00e4ckl<\/span><br \/>\n<span style=\"color: #000000;\"><strong>Schriftf\u00fchrer und Kassier:<\/strong>\u00a0<a style=\"color: #000000;\" href=\"mailto:peterchz@dnet.it\">Peter Chizzali<\/a><\/span><br \/>\n<span style=\"color: #000000;\"><strong>Rechnungspr\u00fcfer:<\/strong> Susanne Ihle und Armin Brugger<br \/>\n<\/span>[\/vc_column_text][vc_separator color=&#8220;custom&#8220; border_width=&#8220;5&#8243; accent_color=&#8220;#e29754&#8243;][vc_column_text]<\/p>\n<h3><a href=\"https:\/\/www.tsnbolzano.it\"><b><span style=\"color: #000000; font-family: Arial;\">SEKTION BOZEN<\/span><\/b><\/a><\/h3>\n<p>Obersch\u00fctzenmeister Peter Chizzali Handy: 349 4756843<br \/>\n39100 Bozen \u2013\u00a0Moritzingerstra\u00dfe 56 \u2013\u00a0Tel. 0471 280292[\/vc_column_text][vc_separator color=&#8220;custom&#8220; border_width=&#8220;5&#8243; accent_color=&#8220;#e29754&#8243;][vc_column_text]<\/p>\n<h3><span style=\"color: #000000;\"><b><span style=\"font-family: Arial;\">SEKTION\u00a0TERLAN<\/span><\/b><\/span><\/h3>\n<p><span style=\"color: #000000;\"><strong>Obersch\u00fctzenmeister<\/strong>\u00a0<a style=\"color: #000000;\" href=\"mailto:Norbert.Spitaler@telenot.it\">Norbert Spitaler<br \/>\n<\/a>39018 Terlan \u2013 Hauptstra\u00dfe 40<\/span>[\/vc_column_text][vc_separator color=&#8220;custom&#8220; border_width=&#8220;5&#8243; accent_color=&#8220;#e29754&#8243;][vc_column_text]<\/p>\n<h3><b><span style=\"color: #000000; font-family: Arial;\">GILDE\u00a0WELSCHNOFEN<\/span><\/b><\/h3>\n<p><strong>Obersch\u00fctzenmeister<\/strong> <span style=\"color: #000000;\"><a style=\"color: #000000;\" href=\"mailto:johann.jaiter@virgilio.it\">Johann Jaiter<\/a><\/span><br \/>\n39056 Welschnofen \u2013\u00a0Karerseeestr. 90\/4 Tel. 0471 614 142 Handy 340 646 56 46[\/vc_column_text][vc_separator color=&#8220;custom&#8220; border_width=&#8220;5&#8243; accent_color=&#8220;#e29754&#8243;][vc_column_text]<\/p>\n<h3><b><span style=\"color: #000000; font-family: Arial;\">GILDE RITTEN<\/span><\/b><\/h3>\n<p><strong>Obersch\u00fctzenmeisterin<\/strong> Magdalena Amonn Riegler<br \/>\n39100 Bozen \u2013 Gscheibten Turmweg 4[\/vc_column_text][vc_separator color=&#8220;custom&#8220; border_width=&#8220;5&#8243; accent_color=&#8220;#e29754&#8243;][vc_column_text]<\/p>\n<h3><b><span style=\"color: #000000; font-family: Arial;\">SEKTION\u00a0DEUTSCHNOFEN<\/span><\/b><\/h3>\n<p><strong>Obersch\u00fctzenmeister<\/strong> Hubert Mittermair<br \/>\n39050 Deutschnofen \u2013\u00a0K\u00f6chlanger 21[\/vc_column_text][vc_separator color=&#8220;custom&#8220; border_width=&#8220;5&#8243; accent_color=&#8220;#e29754&#8243;][vc_column_text]<\/p>\n<h3><b><span style=\"color: #000000; font-family: Arial;\">GILDE STEINEGG<\/span><\/b><\/h3>\n<p><strong>Obersch\u00fctzenmeister<\/strong> Klaus Rieder<br \/>\n39050 Steinegg \u2013\u00a0Dorf 88\/B[\/vc_column_text][vc_separator color=&#8220;custom&#8220; border_width=&#8220;5&#8243; accent_color=&#8220;#e29754&#8243;][vc_column_text]<\/p>\n<h3><b><span style=\"color: #000000; font-family: Arial;\">GILDE SCHLERN\/BOZEN<\/span><\/b><\/h3>\n<p><strong>Obersch\u00fctzenmeister<\/strong> Werner Schrott<br \/>\n39100 Bozen \u2013 Alessandriastra\u00dfe 38[\/vc_column_text][vc_separator color=&#8220;custom&#8220; border_width=&#8220;5&#8243; accent_color=&#8220;#e29754&#8243;][\/vc_column][\/vc_row][vc_row][vc_column][vc_column_text]<\/p>\n<p>[\/vc_column_text][\/vc_column][\/vc_row]<\/p>\n","protected":false},"excerpt":{"rendered":"<p>[vc_row][vc_column width=&#8220;2\/3&#8243;][vc_column_text] BEZIRK\u00a0BOZEN [\/vc_column_text][vc_separator color=&#8220;custom&#8220; border_width=&#8220;5&#8243; accent_color=&#8220;#fb0102&#8243;][vc_column_text] Andreas Barbieri Bezirksobersch\u00fctzenmeister St. Peterweg 64 \u2013 39018 Terlan[\/vc_column_text][vc_single_image image=&#8220;4483&#8243; img_size=&#8220;150x200px&#8220;][vc_separator color=&#8220;custom&#8220; border_width=&#8220;5&#8243; accent_color=&#8220;#fb0102&#8243;][vc_column_text] Bezirkssch\u00fctzenmeister: Norbert Spitaler Bezirkssch\u00fctzenmeister: David Knollseisen Sch\u00fctzenr\u00e4te: Helga Tschager\/Klaus Rieder\/Karlheinz F\u00e4ckl Bezirksschie\u00dfsportleiter Tradition: Hubert Mittermair Bezirksschie\u00dfsportleiter Wettkampfschie\u00dfen: Florian Brugger Bezirksjugendleiter: Karlheinz F\u00e4ckl Schriftf\u00fchrer und Kassier:\u00a0Peter Chizzali Rechnungspr\u00fcfer: Susanne Ihle und Armin Brugger [\/vc_column_text][vc_separator color=&#8220;custom&#8220; [&hellip;]<\/p>\n","protected":false},"author":1,"featured_media":0,"parent":0,"menu_order":0,"comment_status":"closed","ping_status":"closed","template":"","meta":[],"yoast_head":"<!-- This site is optimized with the Yoast SEO plugin v17.8 - https:\/\/yoast.com\/wordpress\/plugins\/seo\/ -->\n<meta name=\"robots\" content=\"index, follow, max-snippet:-1, max-image-preview:large, max-video-preview:-1\" \/>\n<link rel=\"canonical\" href=\"https:\/\/www.sssv.org\/17\/bezirke\/\" \/>\n<meta property=\"og:locale\" content=\"de_DE\" \/>\n<meta property=\"og:type\" content=\"article\" \/>\n<meta property=\"og:title\" content=\"BOZEN - SSSV\" \/>\n<meta property=\"og:description\" content=\"[vc_row][vc_column width=&#8220;2\/3&#8243;][vc_column_text] BEZIRK\u00a0BOZEN [\/vc_column_text][vc_separator color=&#8220;custom&#8220; border_width=&#8220;5&#8243; accent_color=&#8220;#fb0102&#8243;][vc_column_text] Andreas Barbieri Bezirksobersch\u00fctzenmeister St. Peterweg 64 \u2013 39018 Terlan[\/vc_column_text][vc_single_image image=&#8220;4483&#8243; img_size=&#8220;150x200px&#8220;][vc_separator color=&#8220;custom&#8220; border_width=&#8220;5&#8243; accent_color=&#8220;#fb0102&#8243;][vc_column_text] Bezirkssch\u00fctzenmeister: Norbert Spitaler Bezirkssch\u00fctzenmeister: David Knollseisen Sch\u00fctzenr\u00e4te: Helga Tschager\/Klaus Rieder\/Karlheinz F\u00e4ckl Bezirksschie\u00dfsportleiter Tradition: Hubert Mittermair Bezirksschie\u00dfsportleiter Wettkampfschie\u00dfen: Florian Brugger Bezirksjugendleiter: Karlheinz F\u00e4ckl Schriftf\u00fchrer und Kassier:\u00a0Peter Chizzali Rechnungspr\u00fcfer: Susanne Ihle und Armin Brugger [\/vc_column_text][vc_separator color=&#8220;custom&#8220; [&hellip;]\" \/>\n<meta property=\"og:url\" content=\"https:\/\/www.sssv.org\/17\/bezirke\/\" \/>\n<meta property=\"og:site_name\" content=\"SSSV\" \/>\n<meta property=\"article:modified_time\" content=\"2025-04-05T18:33:21+00:00\" \/>\n<meta name=\"twitter:card\" content=\"summary_large_image\" \/>\n<meta name=\"twitter:label1\" content=\"Gesch\u00e4tzte Lesezeit\" \/>\n\t<meta name=\"twitter:data1\" content=\"1\u00a0Minute\" \/>\n<script type=\"application\/ld+json\" class=\"yoast-schema-graph\">{\"@context\":\"https:\/\/schema.org\",\"@graph\":[{\"@type\":\"WebSite\",\"@id\":\"https:\/\/www.sssv.org\/17\/#website\",\"url\":\"https:\/\/www.sssv.org\/17\/\",\"name\":\"SSSV\",\"description\":\"S\\u00fcdtiroler Sportsch\\u00fctzenverband\",\"potentialAction\":[{\"@type\":\"SearchAction\",\"target\":{\"@type\":\"EntryPoint\",\"urlTemplate\":\"https:\/\/www.sssv.org\/17\/?s={search_term_string}\"},\"query-input\":\"required name=search_term_string\"}],\"inLanguage\":\"de\"},{\"@type\":\"WebPage\",\"@id\":\"https:\/\/www.sssv.org\/17\/bezirke\/#webpage\",\"url\":\"https:\/\/www.sssv.org\/17\/bezirke\/\",\"name\":\"BOZEN - SSSV\",\"isPartOf\":{\"@id\":\"https:\/\/www.sssv.org\/17\/#website\"},\"datePublished\":\"2017-03-16T00:25:54+00:00\",\"dateModified\":\"2025-04-05T18:33:21+00:00\",\"breadcrumb\":{\"@id\":\"https:\/\/www.sssv.org\/17\/bezirke\/#breadcrumb\"},\"inLanguage\":\"de\",\"potentialAction\":[{\"@type\":\"ReadAction\",\"target\":[\"https:\/\/www.sssv.org\/17\/bezirke\/\"]}]},{\"@type\":\"BreadcrumbList\",\"@id\":\"https:\/\/www.sssv.org\/17\/bezirke\/#breadcrumb\",\"itemListElement\":[{\"@type\":\"ListItem\",\"position\":1,\"name\":\"Startseite\",\"item\":\"https:\/\/www.sssv.org\/17\/\"},{\"@type\":\"ListItem\",\"position\":2,\"name\":\"BOZEN\"}]}]}<\/script>\n<!-- \/ Yoast SEO plugin. -->","yoast_head_json":{"robots":{"index":"index","follow":"follow","max-snippet":"max-snippet:-1","max-image-preview":"max-image-preview:large","max-video-preview":"max-video-preview:-1"},"canonical":"https:\/\/www.sssv.org\/17\/bezirke\/","og_locale":"de_DE","og_type":"article","og_title":"BOZEN - SSSV","og_description":"[vc_row][vc_column width=&#8220;2\/3&#8243;][vc_column_text] BEZIRK\u00a0BOZEN [\/vc_column_text][vc_separator color=&#8220;custom&#8220; border_width=&#8220;5&#8243; accent_color=&#8220;#fb0102&#8243;][vc_column_text] Andreas Barbieri Bezirksobersch\u00fctzenmeister St. Peterweg 64 \u2013 39018 Terlan[\/vc_column_text][vc_single_image image=&#8220;4483&#8243; img_size=&#8220;150x200px&#8220;][vc_separator color=&#8220;custom&#8220; border_width=&#8220;5&#8243; accent_color=&#8220;#fb0102&#8243;][vc_column_text] Bezirkssch\u00fctzenmeister: Norbert Spitaler Bezirkssch\u00fctzenmeister: David Knollseisen Sch\u00fctzenr\u00e4te: Helga Tschager\/Klaus Rieder\/Karlheinz F\u00e4ckl Bezirksschie\u00dfsportleiter Tradition: Hubert Mittermair Bezirksschie\u00dfsportleiter Wettkampfschie\u00dfen: Florian Brugger Bezirksjugendleiter: Karlheinz F\u00e4ckl Schriftf\u00fchrer und Kassier:\u00a0Peter Chizzali Rechnungspr\u00fcfer: Susanne Ihle und Armin Brugger [\/vc_column_text][vc_separator color=&#8220;custom&#8220; [&hellip;]","og_url":"https:\/\/www.sssv.org\/17\/bezirke\/","og_site_name":"SSSV","article_modified_time":"2025-04-05T18:33:21+00:00","twitter_card":"summary_large_image","twitter_misc":{"Gesch\u00e4tzte Lesezeit":"1\u00a0Minute"},"schema":{"@context":"https:\/\/schema.org","@graph":[{"@type":"WebSite","@id":"https:\/\/www.sssv.org\/17\/#website","url":"https:\/\/www.sssv.org\/17\/","name":"SSSV","description":"S\u00fcdtiroler Sportsch\u00fctzenverband","potentialAction":[{"@type":"SearchAction","target":{"@type":"EntryPoint","urlTemplate":"https:\/\/www.sssv.org\/17\/?s={search_term_string}"},"query-input":"required name=search_term_string"}],"inLanguage":"de"},{"@type":"WebPage","@id":"https:\/\/www.sssv.org\/17\/bezirke\/#webpage","url":"https:\/\/www.sssv.org\/17\/bezirke\/","name":"BOZEN - SSSV","isPartOf":{"@id":"https:\/\/www.sssv.org\/17\/#website"},"datePublished":"2017-03-16T00:25:54+00:00","dateModified":"2025-04-05T18:33:21+00:00","breadcrumb":{"@id":"https:\/\/www.sssv.org\/17\/bezirke\/#breadcrumb"},"inLanguage":"de","potentialAction":[{"@type":"ReadAction","target":["https:\/\/www.sssv.org\/17\/bezirke\/"]}]},{"@type":"BreadcrumbList","@id":"https:\/\/www.sssv.org\/17\/bezirke\/#breadcrumb","itemListElement":[{"@type":"ListItem","position":1,"name":"Startseite","item":"https:\/\/www.sssv.org\/17\/"},{"@type":"ListItem","position":2,"name":"BOZEN"}]}]}},"_links":{"self":[{"href":"https:\/\/www.sssv.org\/17\/wp-json\/wp\/v2\/pages\/342"}],"collection":[{"href":"https:\/\/www.sssv.org\/17\/wp-json\/wp\/v2\/pages"}],"about":[{"href":"https:\/\/www.sssv.org\/17\/wp-json\/wp\/v2\/types\/page"}],"author":[{"embeddable":true,"href":"https:\/\/www.sssv.org\/17\/wp-json\/wp\/v2\/users\/1"}],"replies":[{"embeddable":true,"href":"https:\/\/www.sssv.org\/17\/wp-json\/wp\/v2\/comments?post=342"}],"version-history":[{"count":39,"href":"https:\/\/www.sssv.org\/17\/wp-json\/wp\/v2\/pages\/342\/revisions"}],"predecessor-version":[{"id":5166,"href":"https:\/\/www.sssv.org\/17\/wp-json\/wp\/v2\/pages\/342\/revisions\/5166"}],"wp:attachment":[{"href":"https:\/\/www.sssv.org\/17\/wp-json\/wp\/v2\/media?parent=342"}],"curies":[{"name":"wp","href":"https:\/\/api.w.org\/{rel}","templated":true}]}}